8?
15
What is the remainder when 325 is divided by 103?
16
What is the remainder when 848 is divided by 279?
11
What is the remainder when 839 is divided by 118?
13
Calculate the remainder when 620 is divided by 18.
8
Calculate the remainder when 417 is divided by 48.
33
What is the remainder when 784 is divided by 258?
10
What is the remainder when 322 is divided by 65?
62
What is the remainder when 159 is divided by 22?
5
Calculate the remainder when 304 is divided by 302.
2
What is the remainder when 714 is divided by 65?
64
Calculate the remainder when 74 is divided by 27.
20
What is the remainder when 1636 is divided by 256?
100
Calculate the remainder when 7 is divided by 2.
1
Calculate the remainder when 538 is divided by 178.
4
Calculate the remainder when 632 is divided by 22.
16
What is the remainder when 11309 is divided by 27?
23
What is the remainder when 209 is divided by 42?
41
What is the remainder when 1103 is divided by 16?
15
Calculate the remainder when 306 is divided by 53.
41
Calculate the remainder when 141 is divided by 98.
43
What is the remainder when 175 is divided by 38?
23
What is the remainder when 67 is divided by 65?
2
What is the remainder when 1313 is divided by 47?
44
Calculate the remainder when 132 is divided by 25.
7
Calculate the remainder when 676 is divided by 31.
25
Calculate the remainder when 719 is divided by 10.
9
What is the remainder when 314 is divided by 42?
20
Calculate the remainder when 74 is divided by 11.
8
What is the remainder when 916 is divided by 300?
16
What is the remainder when 166 is divided by 30?
16
Calculate the remainder when 172 is divided by 39.
16
Calculate the remainder when 4092 is divided by 25.
17
What is the remainder when 2473 is divided by 37?
31
Calculate the remainder when 3069 is divided by 99.
0
What is the remainder when 258 is divided by 24?
18
Calculate the remainder when 1229 is divided by 82.
81
What is the remainder when 7951 is divided by 12?
7
What is the remainder when 143 is divided by 36?
35
What is the remainder when 246 is divided by 22?
4
Calculate the remainder when 43 is divided by 5.
3
Calculate the remainder when 189 is divided by 24.
21
Calculate the remainder when 159 is divided by 96.
63
What is the remainder when 305 is divided by 24?
17
What is the remainder when 229 is divided by 13?
8
Calculate the remainder when 151 is divided by 20.
11
What is the remainder when 19 is divided by 10?
9
What is the remainder when 1580 is divided by 36?
32
Calculate the remainder when 628 is divided by 311.
6
What is the remainder when 24 is divided by 15?
9
What is the remainder when 575 is divided by 32?
31
What is the remainder when 22 is divided by 18?
4
What is the remainder when 15 is divided by 10?
5
What is the remainder when 7853 is divided by 33?
32
Calculate the remainder when 1647 is divided by 110.
107
What is the remainder when 67 is divided by 12?
7
Calculate the remainder when 333 is divided by 183.
150
Calculate the remainder when 416 is divided by 10.
6
Calculate the remainder when 395 is divided by 50.
45
What is the remainder when 97 is divided by 4?
1
What is the remainder when 403 is divided by 137?
129
What is the remainder when 77 is divided by 5?
2
Calculate the remainder when 1049 is divided by 24.
17
What is the remainder when 130 is divided by 19?
16
Calculate the remainder when 1168 is divided by 23.
18
Calculate the remainder when 4267 is divided by 15.
7
What is the remainder when 757 is divided by 463?
294
What is the remainder when 1101 is divided by 171?
75
What is the remainder when 106 is divided by 37?
32
Calculate the remainder when 691 is divided by 212.
55
What is the remainder when 367 is divided by 160?
47
Calculate the remainder when 720 is divided by 103.
102
What is the remainder when 263 is divided by 65?
3
What is the remainder when 527 is divided by 22?
21
Calculate the remainder when 1632 is divided by 38.
36
What is the remainder when 84 is divided by 17?
16
What is the remainder when 1106 is divided by 365?
11
What is the remainder when 261 is divided by 175?
86
What is the remainder when 278 is divided by 35?
33
Calculate the remainder when 53 is divided by 33.
20
Calculate the remainder when 707 is divided by 365.
342
Calculate the remainder when 736 is divided by 225.
61
What is the remainder when 5602 is divided by 35?
2
Calculate the remainder when 20 is divided by 8.
4
Calculate the remainder when 95 is divided by 16.
15
What is the remainder when 993 is divided by 200?
193
Calculate the remainder when 3365 is divided by 22.
21
What is the remainder when 1324 is divided by 352?
268
Calculate the remainder when 1533 is divided by 128.
125
Calculate the remainder when 1006 is divided by 109.
25
What is the remainder when 199 is divided by 50?
49
Calculate the remainder when 277 is divided by 57.
49
Calculate the remainder when 1040 is divided by 44.
28
Calculate the remainder when 23 is divided by 10.
3
Calculate the remainder when 413 is divided by 234.
179
What is the remainder when 1971 is divided by 94?
91
What is the remainder when 29 is divided by 19?
10
What is the remainder when 79 is divided by 37?
5
Calculate the remainder when 806 is divided by 83.
59
Calculate the remainder when 903 is divided by 46.
29
Calculate the remainder when 200 is divided by 17.
13
Calculate the remainder when 440 is divided by 51.
32
What is the remainder when 48 is divided by 26?
22
What is the remainder when 2695 is divided by 894?
13
Calculate the remainder when 244 is divided by 14.
6
What is the remainder when 56 is divided by 10?
6
What is the remainder when 167 is divided by 56?
55
Calculate the remainder when 417 is divided by 25.
17
Calculate the remainder when 226 is divided by 103.
20
What is the remainder when 206 is divided by 16?
14
What is the remainder when 3543 is divided by 1170?
33
Calculate the remainder when 504 is divided by 164.
12
Calculate the remainder when 4904 is divided by 5.
4
What is the remainder when 466 is divided by 26?
24
Calculate the remainder when 7269 is divided by 403.
15
What is the remainder when 66 is divided by 45?
21
Calculate the remainder when 5213 is divided by 37.
33
Calculate the remainder when 904 is divided by 152.
144
Calculate the remainder when 313 is divided by 65.
53
What is the remainder when 37 is divided by 14?
9
Calculate the remainder when 383 is divided by 93.
11
Calculate the remainder when 396 is divided by 213.
183
What is the remainder when 316 is divided by 8?
4
What is the remainder when 119 is divided by 8?
7
What is the remainder when 467 is divided by 89?
22
What is the remainder when 6342 is divided by 167?
163
What is the remainder when 1932 is divided by 12?
0
What is the remainder when 414 is divided by 22?
18
What is the remainder when 944 is divided by 313?
5
What is the remainder when 264 is divided by 61?
20
What is the remainder when 679 is divided by 60?
19
What is the remainder when 49 is divided by 41?
8
What is the remainder when 3058 is divided by 18?
16
What is the remainder when 218 is divided by 32?
26
Calculate the remainder when 91 is divided by 19.
15
What is the remainder when 896 is divided by 113?
105
What is the remainder when 335 is divided by 26?
23
What is the remainder when 664 is divided by 220?
4
Calculate the remainder when 120 is divided by 4.
0
Calculate the remainder when 251 is divided by 44.
31
What is the remainder when 229 is divided by 79?
71
What is the remainder when 6139 is divided by 10?
9
Calculate the remainder when 102 is divided by 31.
9
Calculate the remainder when 306 is divided by 76.
2
Calculate the remainder when 1141 is divided by 8.
5
What is the remainder when 265 is divided by 69?
58
Calculate the remainder when 10529 is divided by 15.
14
Calculate the remainder when 3497 is divided by 35.
32
What is the remainder when 182 is divided by 58?
8
What is the remainder when 1489 is divided by 100?
89
What is the remainder when 223 is divided by 45?
43
Calculate the remainder when 370 is divided by 47.
41
Calculate the remainder when 3399 is divided by 243.
240
What is the remainder when 54 is divided by 4?
2
What is the remainder when 242 is divided by 31?
25
Calculate the remainder when 